hat are the prime factors of x?
31
Suppose 4*o + 12 = 0, k - 5*k + 3*o = -5217. Suppose -v - 4*b + 6*b = -431, 0 = -3*v + 3*b + k. List the prime factors of v.
19, 23
Suppose -59*v + 285202 = -111337. List the prime factors of v.
11, 13, 47
Suppose 5*z - 65 = 2*m, 2*z + 0*m - 26 = 5*m. Let b be 24/z - 2/(-13). Suppose 59 = -b*g + 463. What are the prime factors of g?
2, 101
Let h(d) = -17*d + 1580. Let m be h(0). Let t = m + -734. List the prime factors of t.
2, 3, 47
Let k(f) = 5*f**2 + 36*f + 5. Let p be k(-10). Let z = -176 + 72. Let v = p + z. List the prime factors of v.
41
Let r = 34766 + -14244. List the prime factors of r.
2, 31, 331
Let l = -10973 - -6024. List the prime factors of (l/(-28))/((-18)/(-8) + -2).
7, 101
Let z(n) = n + 1. Let l(j) = -111*j - 5. Let b(p) = -l(p) + 4*z(p). List the prime factors of b(3).
2, 3, 59
Suppose 112023 = 5*p - 5*u - 139017, -5*p = 5*u - 251040. What are the prime factors of p?
2, 3, 523
Let o be (-6)/(42/7)*(0 - -1). List the prime factors of 2/(12/2310) + (-4 - o).
2, 191
Suppose 4*t - 35 = 273. Let l be ((-11)/(-4))/((-1)/4). Let m = l + t. List the prime factors of m.
2, 3, 11
Let s(i) = 2*i - 14. Let q be s(11). Let n(b) be the second derivative of b**5/20 - 2*b**4/3 + b**3/6 + 7*b**2/2 + 6*b. List the prime factors of n(q).
3, 5
Suppose 13*c + 36134 = -3802. List the prime factors of c/(-9) - ((-30)/18 + 1).
2, 3, 19
Let s(u) = -5*u - 22. Let w be s(-17). Suppose -22 - 45 = -q + l, -2*l = -q + w. What are the prime factors of q?
71
Let m(w) = -1398*w - 151. Let s be m(-3). Let i = -2030 + s. What are the prime factors of i?
3, 11, 61
Suppose -4*i + 14 = -h, -3*h + h - 3*i = -16. Let x(b) = -b + 7. Let m be x(h). Suppose -3*l + 78 = 5*d - 2*l, m*l - 6 = -d. What are the prime factors of d?
2
Suppose -4*p + 5*x = -60416, -5*x = -2*p + 37108 - 6900. List the prime factors of p.
2, 59
Let q(j) = j**3 + 30*j**2 + 26*j - 63. Let r be q(-29). What are the prime factors of ((-76)/(-6) + 0)*684/r?
19
Let g be (4 - 9) + 103 + 0. Suppose 101*q - 6 = g*q. Suppose -f - q*f + l + 461 = 0, -2*f + 2*l = -302. What are the prime factors of f?
5, 31
Suppose -2*m + 20784 = 68*o - 72*o, -31171 = -3*m + o. What are the prime factors of m?
2, 5, 1039
Let b = -469 - -392. Suppose -4*t = -0*t + 160. Let f = t - b. What are the prime factors of f?
37
Let h(b) = 269*b**2 + 99*b + 398. List the prime factors of h(-4).
2, 2153
Let w = 43 - 22. Let i(k) = k - 5*k - w + k - 5*k. List the prime factors of i(-5).
19
Let a = 1066 + 5550. Suppose a = 18*h - 3986. List the prime factors of h.
19, 31
Suppose -7*i = -41 - 99. What are the prime factors of (-3838)/(-8) - (-12 - (-235)/i)?
2, 3, 5
Let l = -17 - -24. Suppose 15*c - 418 = -l*c. What are the prime factors of c?
19
Let m = -12083 - -17037. What are the prime factors of m?
2, 2477
List the prime factors of (4 + (-26200)/(-15))/(35/210).
2, 13, 101
Let s(v) = -16*v - 16*v - 18*v + 61*v - 9. Let u(f) = -f + 9. Let p be u(0). List the prime factors of s(p).
2, 3, 5
Let y(q) = 6*q - 246. Let u be y(40). Let j(v) = -100*v + 311. List the prime factors of j(u).
911
Let w(a) = 7*a**2 - 5*a - 17. Let b(n) = 8*n**2 - 4*n - 16. Let i = 13 - 6. Let m(t) = i*w(t) - 6*b(t). What are the prime factors of m(13)?
3
Suppose -7592 = 1013*n - 1017*n. Let t = n - 267. What are the prime factors of t?
7, 233
Suppose 82*u - 90*u + 8472 = 0. Suppose u = 4*j - a - 493, -3*a - 1173 = -3*j. List the prime factors of j.
3, 43
Let p be (-1)/(1/(-7))*(2 + -1). What are the prime factors of ((-72)/p)/((-16)/504)?
2, 3
Let y be 3421 - 3/((-5)/5). Suppose -2111 = -5*n + y. What are the prime factors of n?
3, 41
Suppose -3*j - 35 - 1370 = -2*q, -5*j + 2*q - 2347 = 0. Let c = j + 1152. List the prime factors of c.
3, 227
Let g(l) = -378*l + 218. Let z be g(-8). Suppose 3*v - 5*v + z = 3*f, v - 1631 = f. List the prime factors of v.
1627
Let v(r) = 41*r**2 + 57*r + 1253. List the prime factors of v(31).
59, 719
Let x(a) = 7784*a + 4876. What are the prime factors of x(7)?
2, 3, 17, 97
Let g(z) be the second derivative of 17*z**4/6 + 2*z**3 + 9*z**2/2 - 121*z. What are the prime factors of g(-4)?
5, 101
Suppose -5*f + w + 65 = 8, -4*f = 3*w - 57. Suppose 21 + 27 = 4*g. What are the prime factors of 1478/g - (1 + (-10)/f)?
3, 41
Suppose 72*u = 369661 + 965147. What are the prime factors of u?
18539
Let j = 100 + -102. Let f be -1 + -160*3/j. Let d = f - 34. What are the prime factors of d?
5, 41
Suppose 0 = -5*u + 5*h - h + 29, 2*h + 22 = 4*u. Suppose -b + 83 = -3*v + v, 0 = -5*b - u*v + 400. Let w = 136 - b. What are the prime factors of w?
5, 11
What are the prime factors of 15468 - (72/27)/(10/(-15))?
2, 967
What are the prime factors of ((-83 - -36)/(-47))/(2/15138)?
3, 29
Suppose 10*g - 84 = 11*g. What are the prime factors of ((-80)/64)/(1/g)?
3, 5, 7
Let p(g) = -g**2 - 457*g + 1096. What are the prime factors of p(-109)?
2, 11, 887
Let c(o) = -29893*o - o**2 - 2 - 3 + 29929*o - o**2. What are the prime factors of c(16)?
59
Let w(x) = 3*x**2 + 15*x + 16. Let u be w(-4). Suppose u*j = 2*z - 294, -j = -3*z - 6*j + 496. List the prime factors of z.
157
Let p(o) = o**2 - 4*o - 4. Let l be p(8). Suppose -l = -2*y + y. Let u = y + 103. List the prime factors of u.
131
Let y be 5*(192/30 - 6). Suppose -y*q - 2*q = -836. What are the prime factors of q?
11, 19
Suppose 11*b = -33*b + 104544. What are the prime factors of b?
2, 3, 11
What are the prime factors of 3734671/355 + (-2)/10*(-1)/(-1)?
2, 5, 263
Let v(p) = 13*p**2 - 82*p + 421. List the prime factors of v(31).
2, 2593
Suppose 6*u = 2*c + 35834, u + 6*c - 5975 = 7*c. List the prime factors of u.
7, 853
Suppose 3*v + 2*w - 9820 = 0, 3*v - 10844 + 1039 = w. List the prime factors of v.
2, 3, 5, 109
Let b = 93 + -73. Suppose 0 = -b*p + 14*p. Suppose p = -3*d + 294 + 201. List the prime factors of d.
3, 5, 11
Let n(s) be the first derivative of -s**4/4 + s**3 + 3*s**2/2 - 6*s - 44. Let i be n(3). What are the prime factors of ((i - 2)/(-1))/(1/(-264))?
2, 3, 11
Let l(j) = j**3 - 16*j**2 + 3*j - 107. List the prime factors of l(18).
5, 7, 17
List the prime factors of 693328/374 - ((-6)/(-9))/(33/(-9)).
2, 3, 103
Let t(x) = 1619*x - 10847. What are the prime factors of t(9)?
2, 7, 19
Suppose -4*h - 10884 = -2*o, -8 = 4*o - 0. Let y = 3881 + h. What are the prime factors of y?
19, 61
Let p(j) = 33*j**2 + 47*j - 122. List the prime factors of p(5).
2, 7, 67
Let w = 289 + 299. Let l(o) = o**3 + 10*o**2 + 17*o + 11. Let p be l(-8). Suppose p*m = 54 + w. List the prime factors of m.
2, 107
Suppose 3*r + 2*b - 28628 = -7830, 4*b - 20800 = -3*r. List the prime factors of r.
2, 1733
What are the prime factors of (-4)/2 - (3035/3)/(400/(-480))?
2, 3, 101
Let k = -26 + 5313. List the prime factors of k.
17, 311
Let q be ((-2)/5)/(32/4640). Let t = -61 - -123. Let l = t + q. List the prime factors of l.
2
Suppose 2*c - 8 = j, c + c + 2*j = 14. Suppose c*m + 189 = -2*m. What are the prime factors of (-3546)/m + 2 + (-8)/6?
2, 3, 11
Let z = -611 - -369. Let i = 143 + z. List the prime factors of (2*i)/(-4 + 4 - 1).
2, 3, 11
Let s = 9123 - 4504. List the prime factors of s.
31, 149
Suppose 5*u = -2*i + 2 + 2, -3*u - 2*i = 0. Suppose -2*h - u - 22 = -5*t, -3*h = 3*t - 6. List the prime factors of 77*(5 + h - 2).
7, 11
Let i(j) = -20*j**3 + 3*j**2 + j + 1. Suppose -5*l + 80 = 70. Let p be ((-8)/(-4 + l))/(-2). List the prime factors of i(p).
3, 19
Suppose -d = 5*y - 16887, 5*y - 5*d = 22211 - 5306. Suppose 1574 - 4101 = -3*w - 5*h, -2*h - y = -4*w. What are the prime factors of w?
2, 211
Let l = 2116 - 1053. Let c = -535 + l. What are the prime factors of c?
2, 3, 11
Suppose 2*m = 5*d - 48955, -58*d = -63*d - 4*m + 48955. What are the prime factors of d?
9791
Let l(x) = -5*x + 20. Let j be l(4). Suppose 3*n - 2*n = -4*f + 1267, j = 3*n - f - 3866. What are the prime factors of n?
3, 11, 13
Let s be (15/(-5))/((3/10)/(-1)). Suppose s*b - 127 = 9*b. Suppose 2*i = b + 9. What are the prime factors of i?
2, 17
Let x(n) = 2498*n + 871. List the prime factors of x(20).
11, 4621
Let y(c) = -96*c**2 - 8*c. Let h(b) = -b. Let d(l) = -10*h(l) + y(l). Let o be d(-1). List the prime factors of 2/(-8) - o/8.
2, 3
Let l = -3591 + 7775. List the prime factors of l.
2, 523
Let n(o) b